 Let m = -51 + w. Let a(y) = y**3 + 3*y**2 + 3*y + 3. What is a(m)?
-6
Let j be 103 + -110 - (-8 + 0 + 0) - 9. Let n(i) = -i**3 - 7*i**2 + 7*i - 10. Determine n(j).
-2
Let s(m) be the first derivative of -m**4/4 + 10*m**3/3 + m**2/2 - 13*m - 67. Let x be s(10). Let g(c) = -c - 1. What is g(x)?
2
Let p = 48 - 27. Suppose g - 27 = -p. Let k(n) = 4 - g + 8*n - 2*n - 2*n. Determine k(-4).
-18
Let u(q) be the second derivative of q**4/6 - 5*q**3 - 13*q**2 + 2058*q. Give u(15).
-26
Let r(l) = -l**3 + 13*l**2 + 18*l + 1. Let x = -15128 + 15142. Give r(x).
57
Let o(h) be the second derivative of -h**5/20 + 7*h**4/12 - 5*h**3/3 + 4*h**2 + 354*h - 1. Let b be -4*5/(30/9)*-1. Determine o(b).
-16
Let h(i) = i**2 + 7*i - 36. Suppose 24669*v = 24660*v - 99. Give h(v).
8
Let r(v) = -v**2 + 6*v - 2. Suppose 3*u + 95 = 5*k, -4*u = 3*k - u - 81. Suppose 2*c - i - 7 = 0, 4*c - 12 = -2*i + k. Determine r(c).
-2
Let u = -121179 + 121175. Let z(h) = 0*h + 3 + 0*h - 2*h + 2*h**2. Determine z(u).
43
Let s(z) = -2*z**3 + 7*z**2 - 5*z + 14. Let n be 32/11 + (-69)/(-759). Determine s(n).
8
Let l(n) be the third derivative of n**4/12 - 13*n**3/6 + n**2 - 11*n - 1214. Let r = -10 + 16. What is l(r)?
-1
Let y(n) = -10*n + 2. Let r = -124 - -151. Let k = r - 29. What is y(k)?
22
Let q(i) be the first derivative of i**2/2 + 10*i + 5. Suppose 0 = 2*l + 5*h - 60 - 25, -h = -l + 25. Let s = -39 + l. Calculate q(s).
1
Let x(z) be the second derivative of -z**4/6 + 19*z**3/6 + 4*z**2 + z + 378. What is x(10)?
-2
Let o(u) = 5*u**2 + 14*u + 8. Let q be o(-5). Let i = 70 - q. Let d(j) = -12 + 18 - 10 - i*j. Give d(3).
-25
Suppose -4*n + 100 = 52. Suppose 3*s = n - 6. Let c(b) = -b + 3. What is c(s)?
1
Let c(n) be the third derivative of -n**5/60 + n**4/4 + n**3/2 - 2*n**2. Suppose 11*w - 19 - 41 = -5*d, 3*d - 23 = -4*w. Calculate c(w).
8
Let y(b) = -b**3 + 10*b**2 - 10*b + 19. Let x be y(9). Let d(a) = -a**2 - 13 + 21 + 5*a + 8*a. Give d(x).
38
Suppose 45*a + 192 = 53*a. Suppose 6*z - a = 10*z. Let w(o) = -o**3 - 7*o**2 - 4*o + 5. Give w(z).
-7
Suppose 0 = -31*w + 473 + 209. Let r = 2 - -1. Suppose -r*m + 1 = w. Let p(c) = -c**3 - 6*c**2 + 9*c + 4. What is p(m)?
-10
Let d(i) = i**3 - 22*i**2 - 44*i - 79. Let n be d(24). Let r(q) = 35*q**2 - 36*q**2 + 2 + 6 + n*q - 2. Determine r(17).
6
Let a(x) = 5*x**3 - 2*x**2 - 3*x + 4. Let f(g) = -19*g**3 + 8*g**2 + 13*g - 17. Let c(j) = 9*a(j) + 2*f(j). Let r(w) = -41*w - 81. Let m be r(-2). Give c(m).
6
Let v(j) = -j**3 - j**2 - j - 1. Let t(s) = 3*s**3 + 7*s**2 - 2*s + 3. Let d(i) = -t(i) - 2*v(i). Let g = -117723 - -117717. What is d(g)?
11
Let a(b) be the third derivative of -b**7/630 - b**6/360 + 11*b**5/6 - 37*b**2. Let c(u) be the third derivative of a(u). Determine c(-2).
14
Let j(w) = 20*w**2 + 5*w + 1. Let z(d) = -11*d**2 - 3*d - 1. Let b(q) = -3*j(q) - 5*z(q). Let t(g) = -g**2 - g + 1. Let h(v) = b(v) - 3*t(v). Give h(2).
-3
Let q(o) = -11*o**3 + 19*o**2 - 3*o - 38. Let i(u) = 50*u**3 - 76*u**2 + 13*u + 154. Let m(x) = 2*i(x) + 9*q(x). Determine m(-19).
-15
Let h = 19 + -19. Suppose -5*f = -h*f - 45. Suppose 4*i + f = 33. Let q(k) = -k - 4. What is q(i)?
-10
Let z = -13633 - -13606. Let t(l) = -l**3 - 27*l**2 + 2*l + 53. Give t(z).
-1
Let x(w) = 248*w - 8176. Let q be x(33). Let y(g) be the third derivative of -g**4/8 + 4*g**3 + 19*g**2. Determine y(q).
0
Let o be 3 + (-1 + 0)*(-1 - -2). Suppose d - o*d - x + 4 = 0, -5*x = -3*d - 12. Let r(v) = -48*v**2 + 1. Calculate r(d).
-47
Let h(t) = t**3 - 11*t**2 + 11*t - 5. Let l(u) = -9*u**2 - 111*u - 26. Let f be l(-12). What is h(f)?
5
Let g(f) = -f**3 + 2*f**2 + 5*f - 3. Let a(m) = -4*m**3 + 9*m**2 + 23*m - 14. Let x(q) = 3*a(q) - 14*g(q). Let h = -8 - -10. What is x(h)?
10
Let l(o) = o + 3. Let p be l(1). Suppose -3*n - 17 = k, -4*k - p*n - 5 = 31. Let g(f) = -f**2 - 5*f - 8. What is g(k)?
-8
Let g(u) = -191*u - 1. Let s(f) = 572*f + 23. Let o(v) = 3*g(v) + s(v). Suppose 0*n - 4 = -n + i, -8 = 2*i. Determine o(n).
20
Let o(m) be the third derivative of m**6/120 + 7*m**5/60 + 7*m**4/24 + 13*m**3/6 - 2*m**2. Let n = -9278 + 9272. Give o(n).
7
Let d(c) = -3*c**2 - 55*c + 56. Let q be d(1). Let u(z) = -z**2 - 4 + 3 + 3*z - 5*z + 0*z. Calculate u(q).
-1
Let a = -11 - -5. Let j(y) = y + 3. Let n(d) = 3*d + 9. Let r(w) = a*n(w) + 21*j(w). Let s be (40/(-14) + 2)/((-1)/(-7)). Determine r(s).
-9
Let t(g) = -g**2 - 31*g + 13. Let m(z) = 2*z**2 + 73*z - 27. Let f(x) = 3*m(x) + 7*t(x). What is f(0)?
10
Let i(n) = n - 15. Suppose -2*j - 13 - 3 = 5*g, 4*g + 26 = -6*j. What is i(j)?
-18
Let a be -5*(-1)/(-10)*-4. Suppose -7*r + 12 = -5*r - 3*c, -a*r + 5*c + 20 = 0. Let h(u) = 230 - 225 + r*u - 3*u. Determine h(7).
-16
Let m(i) = i**2 - 8*i - 3. Suppose 15*t = 10*t. Let q(b) = -b**2 - 14*b + 9. Let d be q(t). What is m(d)?
6
Let r(w) = w**2 + 12*w + 3. Let i = -496 + 1112. Let a = i + -622. What is r(a)?
-33
Let l(x) = -1359 + 2714 + x - 1360. Suppose -2 = -2*v, -2 = -5*t - 2*v + 10. Let p be t - 6/(-9)*-3. Determine l(p).
-5
Suppose -3*l - 4*r = -17 + 20, 3*l - 15 = -r. Let f(g) = -5*g + 33. What is f(l)?
-2
Let q(o) be the first derivative of 3*o - 1/4*o**4 - 69 + 10/3*o**3 - 5*o**2. Calculate q(9).
-6
Let k be 3/(-18) - 34/12 - -23. Suppose 8*o + 44 = -k. Let w(i) = -i**2 - 7*i + 3. Give w(o).
-5
Suppose 4*b + 168 = 5*o, 2*b - 29 = -33. Let r(y) be the first derivative of -7/2*y**2 - 2*y + o - 1/3*y**3. Calculate r(-5).
8
Let z(n) be the third derivative of n**5/120 + n**4/12 - 7*n**3/2 - 15*n**2. Let o(b) be the first derivative of z(b). Determine o(-4).
-2
Let r(n) be the first derivative of -n**2/2 + 4*n + 537. Calculate r(7).
-3
Let c = -2347 + 2351. Let d(x) = -4*x**2 - x + 2. Determine d(c).
-66
Let r(m) = m**2 - 2*m - 2. Let v be 2*(-1 - ((-35)/5 + 5)). Give r(v).
-2
Suppose -18 = -4*b - 3*t, -5*t = -4*b - 3*t + 8. Let m(p) = b + 13 + 14 - 12 - p. Calculate m(8).
10
Suppose 9*r + 25 = 142. Suppose r*d - 2 = 37. Let g(u) = u**3 - 2*u**2 - 2*u + 2. Give g(d).
5
Let t = -4468 - -4474. Let b(n) = n**3 - 4*n**2 + 5*n. Calculate b(t).
102
Let d(z) = -9*z**2 + 4 - z**2 + 9*z**2 + 7*z. Let j(s) = 2*s**2 - 16*s - 9. Let y(n) = 14*d(n) + 6*j(n). What is y(3)?
-10
Suppose -103*b - 1800 = 29*b + 93*b. Let c(l) = -l**2 - 7*l - 18. Determine c(b).
-26
Suppose 4*h - 8*a + 2 = -11*a, -13 = -3*h + 5*a. Let s(y) = 1407*y - 1404*y + y**2 + 1 + 2 - h. Give s(-1).
0
Let w(h) = -5*h**3 + 124*h**2 - 9*h - 94. Let i(x) = 6*x**3 - 139*x**2 + 10*x + 94. Let n(c) = 6*i(c) + 7*w(c). Calculate n(-34).
8
Let d(o) = 10870 + o + 2*o - 6*o - 5*o - 10811. Calculate d(11).
-29
Suppose -d + 5 + 10 = 0. Let s be (3/(-2))/1*(-50)/d. Let j(q) = q**3 - 6 + 7 - 2 - 5*q**2. Determine j(s).
-1
Let q(j) = -j - 10. Let t be q(-8). Let o be (t/1)/((-10)/20). Let u(x) = 4*x - o + 9*x - 12*x. Give u(-3).
-7
Let q(s) = s - 1. Let f(z) = -15. Let i(a) = 1. Let u(d) = 2*f(d) + 25*i(d). Let j(m) = q(m) + u(m). Calculate j(11).
5
Suppose -5*v + 8 + 27 = 0. Let z(w) = -30*w**3 + 4*w + 29*w**3 - 7 - 29*w**2 + 3 - 5 + 0 + 36*w**2. What is z(v)?
19
Let c(p) = 2*p**2 + 4*p. Let l be c(-2). Suppose 5*f = 2*f + 3, -72 = -2*b + 2*f. Let r(g) = b*g - 6 + 1 - 38*g + g**2. Calculate r(l).
-5
Let r(q) = 2*q**3 + 21*q**2 + 6*q - 30. Let n be r(-10). Let l(t) = -2*t - 5*t + n*t + t**2 - 6*t - 6. Determine l(5).
4
Suppose -a + 3*a + 5*l + 16 = 0, 4*l + 16 = 0. Let t(h) = -5*h - a*h + 5*h - 32. Let q be t(-12). Let w(g) = g**3 + 7*g**2 - 7*g + 4. Calculate w(q).
-4
Let y = -2176 - -2178. Let b(a) = -2*a**2 + 5*a - 5. What is b(y)?
-3
Suppose -f + 5*p + 16 = 0, 7*f - 2*f - p = 32. Suppose f*o - 132 = -0. Suppose 2*c + 4 - o = 0. Let n(d) = d**2 - 10*d + 4. Give n(c).
-5
Let t(m) = -8*m**2 + 8 + 10*m**2 - 11*m - 18 - 85. Give t(-5).
10
Let n be 1/4 + 40/(-96)*-9. Let p(z) be the third derivative of -z**6/120 + z**5/15 + 5*z**3/6 - 11*z**2. Determine p(n).
5
Let c(h) = -h**2 + 2*h + 21. Let g = -4402 - -4393. Give c(g).
-78
Let p(x) = -4. Let o(z) = z + 1. Suppose 8*y - 99 = -123. Let m(t) = y*o(t) - p(t). What is m(2)?
-5
Let y(g) = -2*g - 56. Let i(f) = -2*f - 7. Let s(t) = 5*i(t) - 2*y(t). What is s(9)?
23
Let o(v) = -v**2 + v + 5. Suppose 157 = -0*a + 2*a + 5*g, -3*a = -g - 227. Let w = a + -73. Give o(w).
-1
Let g = -1 + 1. Let y(j) = 6*j**3 - 2*j**2 + 4